= 5*c. Suppose o*v - v - t = -10, 5*t = 20. What is the units digit of v?
6
Suppose 2*b + 8 = 4*b. Let n = 9 - b. Suppose -n*m = -3*y - 51, -2*m - 3*m = 3*y - 39. What is the units digit of m?
9
Suppose -2*f - 38 = -2*z + 36, -5*f - 2*z - 213 = 0. Let w = -29 - f. What is the tens digit of w?
1
Let g be (-36)/10 + 4/(-10). Let s = 5 + g. What is the units digit of s?
1
Suppose 0 = 4*c + 20, 5*h - 33 - 7 = 5*c. Let l = h - -3. What is the units digit of l?
6
What is the tens digit of ((-474)/(-4))/(6/(-8)*-1)?
5
Suppose 2*d + 3*d = 20. What is the units digit of d?
4
Let g = 456 - 273. What is the hundreds digit of g?
1
Let g(u) = 4*u - 10. What is the units digit of g(8)?
2
What is the units digit of ((-3)/9)/((-1)/174)?
8
What is the tens digit of 1 + (4 + 7)*4?
4
Let n = 6 + -10. Let u be n/(-8) - (-42)/(-4). Let x(j) = j**3 + 10*j**2 - j - 1. What is the units digit of x(u)?
9
Suppose 0 = -4*x - l + 32, 0 = l + 4*l. Suppose -4*i = 4*r - 132, 0*i - 4*i = -x. What is the units digit of r?
1
What is the units digit of (2/(-4))/(4/(-616))?
7
Suppose 3*c = -2*h + 8, -c - 4*h + 4 = -2. Let t be 4/(3 + 1) - 0. Let r = c - t. What is the units digit of r?
1
Let r be 0/((0 + 4)/(-2)). Let u(t) = 6*t**2 - 9*t + 1 - 7 + t**3 + r*t**3. What is the units digit of u(-7)?
8
Let a = 13 - 19. Let r(d) = -d - 5. What is the units digit of r(a)?
1
Let q be (13 - -1) + (-2)/(-1). Suppose 3*s + s - q = 0. Suppose -9 = -s*y - 2*l + 9, -2*y - 2*l = -4. What is the units digit of y?
7
Suppose -6*m + m = -240. What is the tens digit of m?
4
Suppose -4*u - 2*m - 13 = 3*m, u + 7 = -2*m. Suppose -l = 1, 0*l = u*c + 2*l - 40. What is the units digit of c?
4
Let c(s) = -2*s - 6. Let u be c(6). What is the units digit of 532/22 - u/(-99)?
4
Suppose 3*v = 6, 2*q + 2*v = 3*v + 6. Let y(n) = -3 + 2*n + 5*n - n**2 - q. What is the units digit of y(5)?
3
Let g(q) be the second derivative of q**4/12 + q**3/6 - 3*q**2 + q. What is the units digit of g(3)?
6
Let m be (-6)/5*5/(-2). Suppose 5*t = t + 12. What is the units digit of (24/m - 2) + t?
9
Let b(r) = -3*r - 25. Let w(f) = f + 13. Let z(c) = 2*b(c) + 5*w(c). Let h be z(12). Suppose h = 4*d - 41. What is the tens digit of d?
1
Suppose 6*z - 543 + 63 = 0. What is the tens digit of z?
8
Let m(h) = -4*h**2 + h + 2 + 0*h**2 - h**3 + 2*h**3. Let v be m(4). Suppose -t - t + v = 0. What is the units digit of t?
3
Let a(f) = 3*f**3 - 4*f**2 + 6*f - 1. Let n(x) = -4*x**3 + 6*x**2 - 9*x + 2. Let y(z) = 7*a(z) + 5*n(z). What is the tens digit of y(2)?
1
What is the units digit of 4/(-14) - -730*4/28?
4
Let k = 186 + -109. What is the units digit of k?
7
Let f(u) = -u**3 + u. Let x be f(1). What is the tens digit of -15*(x - 6/9)?
1
What is the units digit of 1*(-2)/1*69/(-3)?
6
Suppose 8*p - 3*p = 600. What is the tens digit of p?
2
Let x(j) = 3*j - 4. Suppose p - 6 = -2. Let y(h) = h**3 - 4*h**2 + 4. Let b be y(p). What is the units digit of x(b)?
8
What is the hundreds digit of 169 - (3 - 9)/(-3)?
1
Suppose 10 = s + s. Suppose -c - 3*c - s*d + 191 = 0, 5*d = -5*c + 235. What is the units digit of c?
4
Let x(k) = -k**2 - 12*k + 8. Let h be x(-10). Suppose -2*g + a + h = 3*g, -a - 3 = 0. What is the units digit of g?
5
Let o(a) = a**3 + 6*a**2 + 3*a + 5. Let q be o(-5). Suppose 4*t = -t + q. What is the units digit of t?
3
Suppose 10 = t + 4*t. Suppose m = t*m - 26. What is the tens digit of m?
2
Let l(y) = -y - 2. Let u be l(-3). Let w be (-12)/(-16) + u/4. Suppose -w + 13 = z. What is the units digit of z?
2
What is the tens digit of (-884)/(-18) + (-11)/99?
4
Let h(t) = -t + 13. Let o be h(9). Let g = 1 - -5. Let r = g - o. What is the units digit of r?
2
Let n = 44 + -22. What is the units digit of n?
2
Suppose -18 = -3*d + 6*d. Let i = -4 - d. Suppose 0 = i*j - 0*j - 8. What is the units digit of j?
4
Let a(d) = d**2 + 5*d + 3. Let h be a(-5). Let x = h + 1. What is the units digit of x?
4
Suppose -3*z - 2*y - 29 = -4*z, z + 5*y = 36. What is the tens digit of z?
3
Let g(o) = -49*o + 3. What is the tens digit of g(-1)?
5
Let f(x) = x**2 + 13*x + 4. Let q(u) = -3*u - 1. Let o(i) = 2*f(i) + 9*q(i). Let m be o(-1). Let w = 3 - m. What is the units digit of w?
1
Let a be 4*18*2/16. What is the units digit of a - (-3)/(9/3)?
0
Suppose 0 = 4*g + 3813 + 7527. What is the tens digit of g/(-77) + 6/33?
3
What is the tens digit of -1 + (-2)/1 - -155?
5
Suppose -9 = -5*r + 4*u + 10, -5*r - 5*u + 10 = 0. Suppose 4*i - 8 = -3*v, 0 = -5*v - i + 2. Suppose -r*t + t + 20 = v. What is the tens digit of t?
1
Suppose 3*d = -4*j + 117, -3*j + 6*d + 72 = 3*d. What is the units digit of j?
7
Let y = -1 + -4. Let p be ((-10)/6)/(y/(-15)). Let n(g) = -2*g - 3. What is the units digit of n(p)?
7
Let j(c) = -c - 10. Let o be j(0). Suppose -6*d = -d + 20. Let u = d - o. What is the units digit of u?
6
Let y(p) = -p**3 + 4*p**2 - p + 4. Let i be y(4). Suppose i = g - 5 - 1. Suppose -c = 4*q + 4*c + g, -3*q + 7 = -2*c. What is the units digit of q?
1
What is the units digit of (-20 - -17) + 57 + 1?
5
Suppose -5*u - 2*g = -246, u - 2*g = 3*u - 96. What is the tens digit of u?
5
What is the units digit of 274/10 - 4/50*5?
7
Let n(i) = -23*i + 16. What is the hundreds digit of n(-5)?
1
Suppose 0 = 2*a - 6, 3*m + 3*a - 147 = 84. What is the tens digit of m?
7
Let o(m) = 11*m**3 - m**2 - m + 1. Let k(u) = 3*u - 2. Let c be k(1). What is the units digit of o(c)?
0
Suppose -6*o + 412 - 46 = 0. What is the tens digit of o?
6
Let r(x) = 9*x**2 - 8*x + 1 - 5 - 10*x**2. What is the tens digit of r(-5)?
1
Let y = 26 - 5. What is the tens digit of y?
2
Suppose 98 = 5*v - 137. Let d = v - 7. What is the tens digit of d?
4
Let a = 71 - -74. What is the units digit of a?
5
Let j = 25 - 19. Let a(p) = -2*p**3 - 7*p**2 + 6*p + 4. Let q(t) = -3*t**3 - 7*t**2 + 6*t + 4. Let m(n) = 4*a(n) - 3*q(n). What is the units digit of m(j)?
4
Let c = -330 + 555. What is the hundreds digit of c?
2
Suppose 4*m - 30 - 38 = -2*r, 81 = 3*r - m. What is the tens digit of r?
2
Let m(i) = -2*i + 2. What is the units digit of m(-6)?
4
Let k(t) = t**2 + 5*t - 3. Let r be k(-6). Suppose 6*g + 4 = r*j + 2*g, 4*j + g = 18. Suppose d - j = 0, 0 = -2*z + 3*z - 4*d + 1. What is the units digit of z?
5
Suppose -5*l + 5*a + 30 = 0, -6*a = 3*l - a - 18. Suppose -2*t = -d - 9, t - 17 = l*d - 3*d. Suppose -4*v + t + 38 = 0. What is the tens digit of v?
1
Suppose 9*i - 8*i - 47 = 0. What is the units digit of i?
7
Let n = 91 - 45. What is the tens digit of n?
4
Let c = 3 - 3. Suppose c = 5*d + p - 20, 0 = 4*d - 2*p - 18 - 12. Suppose 0*y + d = y. What is the units digit of y?
5
Suppose 6*f = f + h - 6, -5*h = 5*f. Let b = f - -6. Let m = -2 + b. What is the units digit of m?
3
Suppose 0 = -5*y + 19 - 4. Suppose 3 + y = 2*a. Let m = 6 - a. What is the units digit of m?
3
Let x(r) = -r + 5 - 3 + 4. Let f be x(5). What is the units digit of f - 2 - -3 - -5?
7
Let b be (-2 + (-3 - 2))*-13. Suppose 37 = 4*u - b. What is the tens digit of u?
3
Let h(f) = f**3 + 5*f**2 + 3. Let n = 8 + -13. What is the units digit of h(n)?
3
Let w(o) be the first derivative of o**3/3 + 4*o + 2. Let m be w(0). Suppose -10 = -0*k + k + 4*q, 0 = -m*k + 3*q + 17. What is the units digit of k?
2
Suppose -2*z + 54 = -16. What is the tens digit of z?
3
Suppose 0 = -4*y + y. Suppose y*i = 2*i - 10. Suppose 5*n - 45 = -4*z, 77 - 26 = 2*n - i*z. What is the tens digit of n?
1
Let f(s) = -9*s + 29. Let b be f(6). Let h(r) = -7*r - 7. Let c be h(-6). Let p = c + b. What is the units digit of p?
0
Suppose -3*r + 11 = -1. Suppose -z = v + 3*z - 20, -r*v + z = -46. What is the tens digit of v?
1
Let c be ((-1 + 1)/3)/2. Suppose c = 5*l - 28 - 37. What is the tens digit of l?
1
Suppose 2*r + 0*r = 16. What is the units digit of r?
8
Let j be 15/(-12) - 12/16. What is the units digit of 2/j + 8 + 3?
0
What is the units digit of 2*(-5)/((-20)/368)?
4
Let r(b) = 2*b**3 + 30*b**2 - 13*b - 8. What is the hundreds digit of r(-15)?
1
Suppose -4*q = 2*a - 8, -20 = -3*q - 5*a - 0*a. Suppose -4*d + 2*r - 4 = -0*r, -4*d - 16 = 4*r. What is the units digit of 1*d + 9 - q?
7
Let p(k) be the third derivative of k**5/20 - k**4/12 + 2*k**2. Let j be p(2). Suppose -s - 5 = -2*m, -j = -5*m + 5*s + 7. What is the units digit of m?
2
Let c(n) = 3*n**3 - 4*n**2 + 